 q(x). Suppose 4*i = -4 + 16, -5*b - i = -u. List the prime factors of b.
5
Let k be -1 + 18 - (-1 + -1 - 0). Let i = k + -17. List the prime factors of i.
2
Let t(o) = -208*o**3 - 5*o**2 - 9*o - 3. List the prime factors of t(-2).
3, 7, 79
Suppose 68*f - 48*f = 55240. List the prime factors of f.
2, 1381
Let a = -48 - 203. Let f = -127 - a. Suppose 8*z - f = -20. List the prime factors of z.
13
Let q = 111 + 585. List the prime factors of q.
2, 3, 29
Let g = -30 - -34. Suppose 5*n = -g*b + 1043, n - 2*b = 256 - 53. List the prime factors of n.
3, 23
Let g = 52 + 508. What are the prime factors of g?
2, 5, 7
What are the prime factors of -4*(6/9 - 761/12)?
251
Suppose 2*h - 5*u - 5422 - 1476 = 0, h = -4*u + 3436. Suppose -11*d = d - h. What are the prime factors of d?
7, 41
Suppose -254*p + 244*p = -4310. What are the prime factors of p?
431
Let k(y) = -10*y**3 - 4*y**2. What are the prime factors of k(-3)?
2, 3, 13
Let n be (95 - 3)*6/12. Suppose 16 = -5*q + n. What are the prime factors of 32/q*(-4 - -13)?
2, 3
Let k = -69 + 385. What are the prime factors of k?
2, 79
Suppose 0 = 4*k - 3*u - 471, 5*k + 0*k - 565 = -u. Let f = k + -56. List the prime factors of f.
2, 29
Let n = 678 - 368. What are the prime factors of n?
2, 5, 31
Suppose -2*r + 13 = 5, 5*a - 17 = -3*r. What are the prime factors of 0 + 149 + a + -4?
2, 73
Let l(b) = 61*b**3 + b**2 - 4*b + 2. Let k be l(1). Suppose 276 = 4*h + z - k, -4*z = 2*h - 182. List the prime factors of h.
83
List the prime factors of (-2)/4 - 311864/(-112).
2, 3, 29
Suppose -2*w + d + 748 = 81, -3*w - 2*d = -990. What are the prime factors of w?
2, 83
Let o = 2141 - 1376. List the prime factors of o.
3, 5, 17
Let k = -41 - -123. Suppose -10 = -2*h, -4*u + 3*h = -k - 31. List the prime factors of u.
2
Let q = -31 - -51. Let y = 33 - q. List the prime factors of y.
13
Suppose 5 + 79 = 7*n. What are the prime factors of 1 + 1 - 3/(n/(-400))?
2, 3, 17
Let z(p) = p**2 - 9*p - 29. Let w be z(12). Suppose w*s = -0*s + 336. What are the prime factors of s?
2, 3
Suppose -2100 = 6*m - 21*m. Suppose -6*k + 10 = -m. What are the prime factors of k?
5
List the prime factors of -1*((245/(-7))/(-5) - 1324).
3, 439
Suppose 2*o - 1027 = o - 4*m, -3*o + 3*m = -3081. What are the prime factors of o?
13, 79
Suppose 3*l - 45 = 45. Suppose 3*u - 24 = l. List the prime factors of u.
2, 3
Suppose z = -3*a - z + 47, -2*z + 32 = 2*a. What are the prime factors of 148/12 - 5/a?
2, 3
Let l(n) = -n**2 - 4*n - 3. Let y be l(-2). List the prime factors of ((-9)/6 + y/1)*-160.
2, 5
Let h = -10 - -8. Let y be 3 + 14*5 + h. Suppose -81 + 16 = -4*u - 3*g, 4*u - 3*g = y. List the prime factors of u.
17
Let y be 55 + 3/(-6)*-2. Suppose r - 25 = -5*f + 37, 5*f - 2*r - y = 0. Suppose 66 = f*l - 9*l. What are the prime factors of l?
2, 11
Suppose 17 = 2*g - 13. Suppose 3*m - g = -3*s, -4*s + 2*m + 4 = 2. Suppose -s*k - 2*k = -132. List the prime factors of k.
3, 11
Let w(z) = -z**2 + 0*z - 6*z + 10 + 2*z - 2. Let j be w(-5). List the prime factors of 2*-2 + 24 + j.
23
Let a be 399/6*4 - (7 + -8). Suppose -2*m - m + a = 0. What are the prime factors of m?
89
Suppose 22235 - 4091 = 14*f. Suppose m - 2*p - 264 = 0, -2*m + 4*p + f = 3*m. List the prime factors of m.
2
Suppose 25*s - 5512 - 2613 = 0. List the prime factors of s.
5, 13
Suppose -2*o + 144 - 34 = 0. Let t = 85 - o. List the prime factors of t.
2, 3, 5
Let o(z) = 5*z**2 + 3*z - 9. What are the prime factors of o(-7)?
5, 43
Suppose -2 = 6*f - 5*f. Let i be 4/4 + f - -10. Let u(o) = -o**2 + 17*o - 1. What are the prime factors of u(i)?
71
Suppose 2*l + 5 = -25. Let x be (5/l)/((-2)/18). Suppose 2*h - 18 = -3*b, -x*h + h + 12 = 2*b. What are the prime factors of b?
2, 3
Let o(h) be the second derivative of h**3/6 + 7*h. Suppose -60 = -5*r + 3*a, 0 = 3*r - 4*a - 10 - 26. List the prime factors of o(r).
2, 3
Let m be (1/(-3))/((-16)/(-48)). Let p = -22 - m. Let l = 0 - p. What are the prime factors of l?
3, 7
Let w be (-11)/(-3) + 4/12. Let l = 44 - w. Suppose -3*n - l = -4*n. List the prime factors of n.
2, 5
Let n = 2076 + -1340. What are the prime factors of n?
2, 23
Let c be (30/8)/(6/16). Let d(r) = -c*r - 8*r - 5 + 4. What are the prime factors of d(-2)?
5, 7
Suppose 7*y - 1778 + 574 = 0. List the prime factors of y.
2, 43
Let t = -10 + 14. Suppose 14*v - t = 12*v. Suppose -v - 6 = -4*m. What are the prime factors of m?
2
Suppose 2*t - 32 - 674 = -4*y, 3*t = 5*y + 1026. List the prime factors of t.
347
Let w(v) = v**3 + 4*v**2 + 4*v + 4. Let a be w(-5). Let p = 31 + a. What are the prime factors of (p/20)/(1/(-154))?
7, 11
Suppose 15*y = 10*y, 1035 = 3*m - 2*y. List the prime factors of m.
3, 5, 23
List the prime factors of 2 - 10 - (-4 - 1782).
2, 7, 127
Suppose -h - 36 = -2*r - 7, -h + 3 = 0. Let b(a) = r - a**2 - 2 + 13*a + 1. What are the prime factors of b(11)?
37
Suppose 167*g - 170*g = -3981. What are the prime factors of g?
1327
Suppose -1 = -2*f + f + u, 3*f + 5*u = -5. Suppose 2*s + 4*s = f. Suppose 4*c = -m - s*c - 6, c + 2 = 0. What are the prime factors of m?
2
Let w(t) = -t**3 + 10*t**2 + 5. Suppose 9 = b - 0*v - 2*v, -2*v = 0. What are the prime factors of w(b)?
2, 43
Suppose 3*k - 3*q + 5*q - 44 = 0, k - 5*q = 26. Suppose 12*g + 928 = k*g. What are the prime factors of g?
2, 29
List the prime factors of (-798)/(-28)*((-1235)/(-15) - -3).
2, 19
Suppose -3153 = 17*x - 10531. List the prime factors of x.
2, 7, 31
Suppose 3*j - 2 = 2*c - 1, -c = -3*j + 2. Let q be (-4 - (-1 + j)) + -3. List the prime factors of 1 + -1 + (q - -17).
2, 5
What are the prime factors of (-1732)/(-3) - (8 - (-207)/(-27))?
577
Let z(r) = r + 18. Let a be z(-14). Suppose -3*b + 0 = -6. Suppose -b*s + a*s - 56 = 0. What are the prime factors of s?
2, 7
Let y = -49 - -53. Suppose y*t - 448 = 56. What are the prime factors of t?
2, 3, 7
Let w be ((-5)/(-15))/((-1)/6). Let r be ((-8)/1)/(w/4). Suppose 2*k - 3*k = -r. What are the prime factors of k?
2
Let f = -53 - -73. What are the prime factors of 73 + -1 + 10*8/f?
2, 19
Let y(g) = g**2 + g + 15. Let k be y(0). Let n(w) = k*w - 4 + w + 2*w. List the prime factors of n(2).
2
Suppose 5*y - y + 5*i = 52, 2*y = 4*i. Let q = y - -25. What are the prime factors of q?
3, 11
What are the prime factors of 151*((-4)/(-16))/(4/48)?
3, 151
Let h(c) = -2*c - 63*c**2 + 6 + 3*c - 4 + 194*c**2. What are the prime factors of h(-1)?
2, 3, 11
Let p = 223 - 92. Suppose 3*t - p = 292. List the prime factors of t.
3, 47
Suppose -2*k + 2328 = -5*c, k + 3*c + 344 = 1486. List the prime factors of k.
2, 577
Let z = -5 - -8. Suppose -4 = -5*p + 6. Suppose -1 = -p*h + z. List the prime factors of h.
2
Let b(u) = 8*u + 22. Let w = -68 + 80. List the prime factors of b(w).
2, 59
Let p(g) = g**3 + 1 + 3 + 7*g**2 - 5 + 5*g + 0*g**3. Let h be p(-6). What are the prime factors of 843/15 + (-1)/h?
2, 7
Let q = 32 + -30. Suppose 5*i - 304 = -3*h, -q*i + 180 = i + h. List the prime factors of i.
59
Suppose 5*t + 2 - 7 = 0, -5*z + 34 = -t. Let y(c) = c**3 - 6*c**2 - 4*c - 11. List the prime factors of y(z).
2, 5
Suppose -67*o - 7856 = -69*o - 4*h, -4*h = -2*o + 7840. What are the prime factors of o?
2, 3, 109
Let l(t) = -35*t + 105. What are the prime factors of l(-13)?
2, 5, 7
Let m(c) = c**2 - 2*c - 3. Let b be m(-6). What are the prime factors of (-40)/6*b/(-30)?
2, 5
Let w(o) = 1. Let y(a) = -a**3 - 2*a**2 + 2*a + 3. Let c be y(-2). Let m(j) = 5*j - 8. Let x(n) = c*m(n) + 3*w(n). What are the prime factors of x(-6)?
41
Suppose -2*w - 10 = 2*n, 5*w + n = -3*n - 28. Let h be 513/36 - (-2)/w. Suppose -2*u + 3*t = -h, 2 = 3*u + 6*t - t. List the prime factors of u.
2
Suppose 5*h = -4*f - f - 110, h + 37 = 2*f. Let q(r) = -5*r + 68. What are the prime factors of q(h)?
7, 29
Let o be 1 + 3/(-1) + 4. Let v(j) = 8*j**3 + 4*j**2 - 4*j - 4. List the prime factors of v(o).
2, 17
Let i = 749 + -526. Suppose 5*s + 3*z + i = -95, 2*z - 74 = s. Let j = s - -138. What are the prime factors of j?
2, 3
Let l(h) = -h + 1. Let k(j) = -12. Let r(t) = -k(t) + l(t). Let x be r(9). Suppose 0 = 4*f - 0*w + 3*w - 51, 43 = x*f - 5*w. List the prime factors of f.
2, 3
What are the prime factors of 40861/13 + (-70)/455?
7, 449
Let s = -1229 + 2568. What are the prime factors of s?
13, 103
Let g(s) = -11